s of 725207086.
2, 19, 47, 463, 877
What are the prime factors of 45942769?
59, 73, 10667
What are the prime factors of 64781742?
2, 3, 163, 66239
List the prime factors of 593998365.
3, 5, 41, 965851
List the prime factors of 2486567030.
2, 5, 23, 10811161
What are the prime factors of 4691557704?
2, 3, 733, 266687
What are the prime factors of 330619131?
3, 43, 223, 1277
What are the prime factors of 251169807?
3, 7, 337, 35491
What are the prime factors of 47568022?
2, 23784011
List the prime factors of 122309832.
2, 3, 17, 59, 5081
What are the prime factors of 120540648?
2, 3, 31, 162017
List the prime factors of 4133666361.
3, 11, 125262617
List the prime factors of 875756049.
3, 7, 41702669
What are the prime factors of 27358917?
3, 19, 449, 1069
What are the prime factors of 198899120?
2, 5, 7, 163, 2179
What are the prime factors of 86905773?
3, 41, 47, 5011
List the prime factors of 55621693.
37, 73, 20593
List the prime factors of 939197627.
939197627
List the prime factors of 1823348841.
3, 16087, 37781
List the prime factors of 183386670.
2, 3, 5, 19, 193, 1667
What are the prime factors of 75935736?
2, 3, 17, 62039
List the prime factors of 460418846.
2, 263, 859, 1019
List the prime factors of 194342253.
3, 7, 29, 319117
What are the prime factors of 4758711780?
2, 3, 5, 79311863
What are the prime factors of 74989297?
6551, 11447
List the prime factors of 1072400732.
2, 13, 17, 31, 39133
List the prime factors of 175896699.
3, 11, 19, 280537
What are the prime factors of 20761073?
199, 104327
List the prime factors of 798236857.
11, 4021, 18047
What are the prime factors of 280362794?
2, 131, 1070087
What are the prime factors of 2845288811?
113, 877, 28711
List the prime factors of 27741481.
109, 139, 1831
List the prime factors of 566755182.
2, 3, 7, 53, 84869
What are the prime factors of 24814883?
17, 449, 3251
What are the prime factors of 167826868?
2, 11, 211, 18077
List the prime factors of 214887128.
2, 113, 237707
What are the prime factors of 28928542?
2, 1997, 7243
List the prime factors of 1004603.
151, 6653
What are the prime factors of 267141229?
31, 107, 80537
What are the prime factors of 88516992?
2, 3, 59, 3907
What are the prime factors of 120056218?
2, 1553, 38653
What are the prime factors of 123142190?
2, 5, 2549, 4831
List the prime factors of 251914695.
3, 5, 16794313
List the prime factors of 208274359.
208274359
List the prime factors of 135053325.
3, 5, 11, 43, 47
List the prime factors of 1640669199.
3, 13, 107, 109, 3607
List the prime factors of 253923882.
2, 3, 113, 607, 617
List the prime factors of 130705100.
2, 5, 1307051
What are the prime factors of 21462701?
13, 37, 44621
What are the prime factors of 856842258?
2, 3, 157, 909599
List the prime factors of 11358998.
2, 7, 19, 42703
What are the prime factors of 468696470?
2, 5, 11, 4260877
List the prime factors of 347141594.
2, 173570797
What are the prime factors of 26739582?
2, 3, 1747, 2551
What are the prime factors of 81124133?
887, 91459
What are the prime factors of 691229320?
2, 5, 31, 557443
List the prime factors of 7928787938.
2, 157, 25250917
List the prime factors of 1340849039.
607, 2208977
What are the prime factors of 2920236017?
263, 317, 35027
What are the prime factors of 40137455?
5, 8027491
List the prime factors of 919575919.
1871, 491489
List the prime factors of 620775292.
2, 409, 613, 619
What are the prime factors of 75542587?
75542587
What are the prime factors of 35024042?
2, 1229, 14249
List the prime factors of 902065062.
2, 3, 150344177
List the prime factors of 93921539.
367, 255917
What are the prime factors of 85983345?
3, 5, 7, 89, 3067
What are the prime factors of 12986323?
7, 37861
What are the prime factors of 369977651?
73, 1889, 2683
What are the prime factors of 112642810?
2, 5, 7, 229, 7027
What are the prime factors of 240511734?
2, 3, 241, 18481
What are the prime factors of 384348045?
3, 5, 37, 173, 4003
List the prime factors of 63668840.
2, 5, 1591721
What are the prime factors of 81106369?
5807, 13967
What are the prime factors of 915118770?
2, 3, 5, 41, 317, 2347
List the prime factors of 938323420.
2, 5, 29, 353, 4583
What are the prime factors of 193372343?
347, 557269
What are the prime factors of 3980491293?
3, 2609, 508559
What are the prime factors of 61763493?
3, 11, 1871621
List the prime factors of 47520991.
7, 191, 35543
List the prime factors of 8058797256.
2, 3, 19, 59, 299539
List the prime factors of 125509759.
17, 2531, 2917
What are the prime factors of 262466009?
13, 17, 1187629
What are the prime factors of 280976055?
3, 5, 53, 353429
List the prime factors of 540855612.
2, 3, 11, 17, 80341
What are the prime factors of 22950427?
3041, 7547
List the prime factors of 40851001.
263, 155327
List the prime factors of 42962503.
42962503
List the prime factors of 1587758859.
3, 409, 431339
What are the prime factors of 230945925?
3, 5, 7, 401, 1097
What are the prime factors of 5425534284?
2, 3, 19, 23796203
What are the prime factors of 107689959?
3, 13, 306809
What are the prime factors of 192361276?
2, 179, 268661
List the prime factors of 184713530.
2, 5, 18471353
List the prime factors of 56910888.
2, 3, 790429
What are the prime factors of 547745412?
2, 3, 107, 127, 3359
List the prime factors of 698118130.
2, 5, 2957, 23609
List the prime factors of 399320724.
2, 3, 11, 37, 81761
What are the prime factors of 1754355286?
2, 31, 173, 163561
List the prime factors of 1639745922.
2, 3, 733, 372839
What are the prime factors of 50065326?
2, 3, 709, 3923
What are the prime factors of 23237575?
5, 101, 9203
List the prime factors of 408988647.
3, 521, 87223
List the prime factors of 662969502.
2, 3, 13, 17, 73, 761
List the prime factors of 67486202.
2, 7, 4820443
List the prime factors of 62283208.
2, 13, 598877
List the prime factors of 1829830600.
2, 5, 13, 43, 1259
What are the prime factors of 43938942?
2, 3, 7323157
What are the prime factors of 7419845086?
2, 163, 1381, 16481
What are the prime factors of 117177103?
9181, 12763
What are the prime factors of 24571892?
2, 6142973
What are the prime factors of 49502746?
2, 883, 28031
What are the prime factors of 55771787?
1723, 32369
List the prime factors of 72970138.
2, 59, 653, 947
List the prime factors of 1789753496.
2, 223719187
What are the prime factors of 5308207718?
2, 11, 617, 391057
List the prime factors of 4279899260.
2, 5, 7, 13, 17, 79, 103
List the prime factors of 2025910485.
3, 5, 17, 2648249
List the prime factors of 3917610014.
2, 269, 7281803
List the prime factors of 72393578.
2, 239, 151451
List the prime factors of 163525428.
2, 3, 11, 412943
What are the prime factors of 1707099659?
17, 389, 258143
What are the prime factors of 943526977?
29, 32535413
What are the prime factors of 845332595?
5, 169066519
List the prime factors of 28099228.
2, 7024807
List the prime factors of 517587035.
5, 7, 379, 39019
What are the prime factors of 1445082992?
2, 29, 3114403
What are the prime factors of 420154812?
2, 3, 7, 11, 59, 367
List the prime factors of 616165195.
5, 7649, 16111
What are the prime factors of 80495479?
439, 183361
List the prime factors of 24078862.
2, 67, 179693
List the prime factors of 3511321887.
3, 23, 5743, 8861
List the prime factors of 277076677.
19, 313, 46591
List the prime factors of 1057207948.
2, 264301987
List the prime factors of 2506442586.
2, 3, 41, 10188791
List the prime factors of 1149865512.
2, 3, 317, 359, 421
What are the prime factors of 3352070736?
2, 3, 7, 1108489
List the prime factors of 28785261.
3, 9595087
What are the prime factors of 3703401421?
79, 3673, 12763
What are the prime factors of 2056059974?
2, 251, 4095737
List the prime factors of 3791155902.
2, 3, 71, 443, 20089
List the prime factors of 180242848.
2, 5632589
What are the prime factors of 172002416?
2, 1201, 8951
List the prime factors of 19809898.
2, 9904949
List the prime factors of 2632670786.
2, 43, 30612451
What are the prime factors of 619802683?
509, 1217687
List the prime factors of 245759813.
13, 19, 907, 1097
List the prime factors of 106194772.
2, 23, 1154291
What are the prime factors of 1877266846?
2, 7, 13, 227, 45439
List the prime factors of 525968755.
5, 13, 2399, 3373
List